 7 + -1 - 5.
1
What is the value of (-1 - -19) + 42 + -51?
9
What is 0 - (-2 + 2 + 1 + 2)?
-3
What is the value of (-5 - (3 - 5 - 5)) + 5?
7
What is -2 - (13 - 4) - (1 - 7)?
-5
What is (2 + -2 - (33 + -32)) + 10?
9
What is the value of 13 + -4 + 1 + -6?
4
Evaluate 1 - 0 - (-20 - (-6 + -23)).
-8
Calculate (13 - 5) + -23 - -7.
-8
Calculate (-30 - -33) + -1 + 3.
5
What is the value of 2 - (4 + 1 - (7 + -3))?
1
What is 0 + -5 + 7 - 5?
-3
What is -21 - (-5 + -6) - -18?
8
Calculate -8 + 0 + 3 - -11.
6
6 - (-7 + -3 - -10)
6
Calculate -6 + -2 - -3 - -3.
-2
What is the value of (-3 - 3) + (-1 - -7)?
0
What is the value of (-6 - (-14 + 1 + 1)) + 0?
6
-6 - (-2 + (-6 - -8 - 1))
-5
(-5 - (6 + -4 + -4)) + 7
4
What is 0 - (-7 - -1 - -8 - 5)?
3
What is the value of 1 + (-1 - (7 - 10))?
3
What is -5 + (6 - (0 - -3))?
-2
Evaluate 2 + (0 - -6 - 3).
5
Calculate -4 + 6 - 8 - -17 - 5.
6
Calculate 5 + (-5 - -3 - 2) + 2.
3
Evaluate (3 - 0) + -2 + 8 + -13.
-4
Calculate 1 + (-25 - -28) + (1 - 5).
0
15 + -12 - (-2 + 3 - 0)
2
(3 - 2) + 2 - 4
-1
2 + 3 + -4 - (-2 - -3)
0
Calculate 2 + (-1 - -5 - (10 + -5)).
1
What is the value of (6 - (2 - -1)) + 0?
3
0 - (1 - 1 - -1) - -1
0
Evaluate -7 + 1 - (62 - 64).
-4
-32 + 30 - (-4 - -1)
1
What is the value of -3 - ((1 - -2) + -7 + 2)?
-1
What is the value of (6 - (4 - 4)) + (2 - 6)?
2
0 + 4 + 26 + -29
1
8 + -1 + -1 - 12
-6
Evaluate (3 + 3 - (3 - -4)) + -2.
-3
Evaluate (1 - -4) + 3 + -13.
-5
Evaluate 5 + (-11 - 5) - -6.
-5
What is -9 - 2 - (-17 + 12)?
-6
What is 1 + 1 - (42 - 40)?
0
Calculate -3 - (3 + -6) - (-11 + 11).
0
What is -11 - ((6 - 11) + -5)?
-1
Calculate -4 - ((5 - 0) + -9).
0
Evaluate (22 - (1 - -12)) + -10.
-1
What is 2 + -1 + 4 + -4 + -2?
-1
9 + 2 + -29 + 19
1
4 + -4 + 1 + -1 + 3
3
What is the value of -6 - (-5 + 8 + -2)?
-7
(37 - 50) + (8 - -1)
-4
(-1 - -4) + (0 - (-2 + 3))
2
(10 + -2 - 1) + -3 + 0
4
What is the value of 4 + (2 - 2) + -1?
3
((-4 - -2) + -1 - -2) + 4
3
What is 16 - ((7 - 1) + 6)?
4
Evaluate 14 - (7 - 10 - (1 - 10)).
8
What is the value of -4 - 0 - -2 - -3?
1
What is (4 - 2) + -4 + -1?
-3
-5 + 2 - (3 + 5 + -12)
1
What is 32 + -36 + 5 + -1?
0
What is the value of -1 - (-3 + -3 + 7 + -6)?
4
Calculate 3 + 1 + 3 - 5 - 7.
-5
Evaluate -5 + 7 + -6 + 6.
2
Calculate -8 + -1 + (1 - -3).
-5
Calculate 2 - (15 + -3 + -1 - 4).
-5
Calculate (1 - -2) + -3 + 5 + -7.
-2
1 - (6 + -2 - 5) - 4
-2
Evaluate -4 - (9 - (2 + (2 - -2))).
-7
Evaluate 17 + -17 + (1 - 0).
1
Calculate 4 + -7 - (5 + -4).
-4
Calculate (-18 + 11 - -6) + 2.
1
Calculate -2 + (6 - (11 - 7)).
0
Calculate 3 - 7 - (2 - 8).
2
Evaluate 2 - ((27 + -6 - 5) + -7).
-7
Calculate 11 - (11 - (1 + -1 + 3)).
3
Evaluate (0 - -1) + 0 + 2.
3
What is (-2 - -2) + -5 + -4 + 4?
-5
Evaluate 14 + (8 - (1 + 17)).
4
5 + (-6 - 3) - -3
-1
What is 0 + 5 + 5 + -6?
4
What is the value of (6 - 7) + 1 + (1 - -4)?
5
Calculate -3 - (-2 - 2) - -1.
2
Calculate -14 - (10 + -17 + -3).
-4
1 - (9 - (4 - 1) - 2)
-3
What is the value of -1 - (-6 - (-7 - 5))?
-7
10 - ((24 - 7) + -3)
-4
Calculate 1 + -4 + -1 + 6 + 3.
5
What is 1 - (-2 + (-1 - 0) + 3)?
1
Calculate 6 - ((7 - 0) + -1).
0
(-4 - -10 - -2) + (-18 - 1)
-11
Evaluate 4 - (-5 - (5 + -10)) - -3.
7
2 - 0 - (7 + -2)
-3
Evaluate 3 + (0 - (-3 - -2)) + -4.
0
What is the value of -50 + 52 - ((0 - -9) + -2)?
-5
What is 0 - 0 - (1 - (1 + 3))?
3
Calculate ((2 - 2) + -5 - -13) + -7.
1
What is the value of -13 + 6 - (2 + (-7 - -2))?
-4
Evaluate -1 + -2 + 1 + 1 + 2.
1
Evaluate -49 - -47 - (-4 + 2).
0
(-4 - (-4 + 5)) + 10 + -9
-4
What is -7 + -5 + 15 + -1?
2
Calculate 9 + -9 - 0 - -4.
4
What is 6 + (-3 - (-5 - (0 + -3)))?
5
Evaluate -2 + (4 - 12) - (-4 - 0).
-6
What is 12 + -1 + (-49 - -33)?
-5
Calculate (-7 + -5 - -1) + 1 - -4.
-6
-1 - (5 - (-2 - -2)) - 0
-6
What is -9 - (-5 - 1) - 1?
-4
Calculate 5 + -23 + (5 - (-3 + 0)).
-10
Evaluate (-2 + 2 + -4 - -2) + 5.
3
Calculate 2 - 4 - (8 + -5).
-5
Calculate 7 + (6 - (1 - -6)).
6
What is the value of (0 - (-1 - -8)) + (5 - 2)?
-4
What is the value of -1 + 2 + (37 - 34) - 3?
1
What is the value of 21 + -19 + (1 - 6)?
-3
Evaluate -11 + 7 - 4 - -10.
2
Evaluate -1 - (-23 - -7 - -8).
7
What is (-1 - -2 - -3) + 22 + -21?
5
-1 + -1 + -13 + 6 + 0
-9
What is the value of (-7 - -3) + 1 + (0 - -2)?
-1
What is the value of 0 + (-8 - -8) + 7?
7
Calculate 1 - ((7 - -3) + -4).
-5
Calculate 9 + -4 + -6 - -5.
4
What is the value of (7 - 6) + 0 + 0?
1
What is the value of -3 + 0 + (-1 - 1) - -1?
-4
Evaluate 9 - (1 + -7 + 7).
8
What is 1 + 1 - (5 - 6)?
3
What is the value of -1 + (3 - 0) + 3?
5
What is the value of 4 + (-10 - (13 - 13))?
-6
What is the value of -2 + 0 - (-3 + -1 + 6)?
-4
Calculate 0 - (2 + 2) - (-1 + 5).
-8
-3 + 1 + 4 + (-11 - -5)
-4
What is the value of 6 + -9 - (1 + -3 + -5)?
4
Evaluate 6 - (0 - 0) - (8 + -4).
2
Evaluate -3 + 5 - (6 + (-3 - 1)).
0
What is the value of -1 - 15 - (-97 - -88)?
-7
Calculate -2 - (3 + 0 - 3 - -3).
-5
What is the value of -17 - -6 - -10 - 3?
-4
What is the value of (4 - 9) + 1 + -2?
-6
-3 - (-4 - 3) - 2
2
9 + -7 + (-1 - -4)
5
Evaluate (-8 - -3) + 14 + -11.
-2
Evaluate (-4 - -6) + 3 - 6.
-1
Evaluate (1 - 4) + (-3 - (-5 - -3)).
-4
Evaluate -2 + 1 + 6 + -12 + 1.
-6
Calculate (4 + 1 - 5) + -5.
-5
What is -5 + 3 + -6 + 6?
-2
Calculate 0 + 1 + (-22 - -22).
1
What is (-1 - -8 - -8) + -9?
6
Calculate -3 + -1 - 3 - 0 - -4.
-3
What is the value of -5 - (8 - 3 - 7)?
-3
What is -3 + 3 - (1 - 1) - 1?
-1
What is -6 + 6 + -3 - -2?
-1
What is -5 + 5 - ((-2 - 7) + 4)?
5
What is the value of (1 - -2) + (9 + -7 - 3)?
2
What is the value of 2 + (-1 - 2 - -4)?
3
What is 0 - (6 - (-7 + 1 - -21))?
9
What is 0 - (-1 - 4 - (-19 - -10))?
-4
Calculate -4 - (0 + 3 + (-9 - -5)).
-3
Calculate 2 + 1 + -11 + (10 - 5).
-3
What is the value of -5 - (-4 + 7 - 7)?
-1
What is the value of -8 + (6 - (4 - -2) - -5)?
-3
What is (-5 + 4 - 2 - -1) + 5?
3
Evaluate (14 - (0 + (3 - -5))) + 1.
7
(0 - (-5 + 6)) + (4 - -1)
4
Evaluate 1 + (1 + (2 - 0) - 1).
3
-5 + -1 - (3 + -3 + -2)
-4
Calculate -25 - -22 - (2 - 0).
-5
What is the value of 7 + (0 + 2 - 12)?
-3
What is the value of 1 + -4 + 4 + 1 + 4?
6
What is the value of 4 + -3 + 6 + -6?
1
What is the value of -9 + 10 + (-9 - -1) - -2?
-5
Evaluate -1 + (-6 + 4 + 1 - -3).
1
What is the value of 0 - -3 - (53 - 54)?
4
Calculate (-8 - 0) + (8 - (6 - 3)).
-3
Calculate -1 + -4 + 14 - (-5 + 12).
2
Evaluate 16 + -27 + -2 + 8 + -1.
-6
Calculate 2 - 0 - (8 + -14).
8
1 + 2 + -1 - (-12 - -17)
-3
Calculate -8 - (-2 + (8 - 15)).
1
-3 - ((2 - -2) + -2)
-5
What is the value of 2 + -1 + 1 + -3?
-1
What is the value of 6 + (4 - 12) + -9 - -6?
-5
What is 4 - (1 + 8) - -1 - 0?
-4
Calculate -16 - (-1 - 14 - -9).
-10
What is the value of -1 + 2 + (7 + -2 - 3)?
3
1 + (8 - 8) + 3
4
-1 - -7 - (5 - (4 + -10))
-5
(1 + -4 - (8 - 13)) + 3
5
What is the value of (-5 - (7 - 12)) + 5 - 1?
4
(15 - 10) + 6 - 7
4
Calculate 5 + 8 + -15 + 4.
2
Calculate (2 - 8) + (15 - (-6 - -22)).
-7
-5 + (2 - (0 + -4))
1
What is the value of -2 + 1 + 2 + -8?
-7
What is 2 + -4 + -1 + -3 - -3?
-3
Calculate (33 - 33) + (0 - (2 + 0)).
-2
4 - (5 + -10 + 4)
5
What is -7 + 4 + 1 - (0 + 3)?
-5
What is the value of -15 - (-14 + 25 + -21)?
-5
(3 - 11) + 4 + 0
-4
What is -51 + 53 - (-2 - -5)?
-1
Evaluate -3 - (-3 + (4 - 5)).
1
What is the value of 0 - -6 - (1 - 9 - -19)?
-5
What is the value of 136 + -125 + (1 - 15)?
-3
-3 - (-1 - 2 - (-7 - -6))
-1
What is -5 + (3 - 0) + 6 + -1?
3
Evaluate 5 + 7 + (-3 - 6).
3
(6 - 3) + (1 - (-1 - 1))
6
What is the value of (30 - 31) + (-1 - 1)?
-3
What is the value of (2 - -2) + 4 + 3 + -9?
2
Evaluate 8 + (-1 + -6 - -6).
7
What is 1 + -7 - (24 - 33)?
3
What is -2 - (-3 + -1) - (1 + -2)?
3
-9 + (12 - (-3 - -6))
0
What is the value of 7 + (1 - ((-5 - -4) + 4))?
5
(3 - (-6 - -1) - 1) + -1
6
What is 3 + -1 + (0 - -2) + -4?
0
What is the value of 3 + 4 + -4 + -4?
-1
What is the value of 2 + (1 - (2 - (-2 + 6)))?
5
Calculate 0 + (8 - 3 - (1 - 0)).
4
Calculate -3 + 0 + (-3 - -5).
-1
What is the value of 3 + (-10 - -1) + 10 + -5?
-1
What is -19 + 10 + 9 + -1 + -1?
-2
Calculate -22 + 3 + 6 - (-9 + 2).
-6
-6 + 10 + 7 - 4
7
Evaluate -4 - ((2 - -1) + (25 - 29)).
-3
Calculate 0 + (2 - -1 - (-4 + 9)).
-2
Calculate (-23 - -23) + -2 + 5.
3
Calculate 16 + (5 - -3 - 8) + -7.
9
What is (-10 - -2) + 8 + -5?
-5
Calculate -5 +